{"id":900,"date":"2024-07-24T13:12:44","date_gmt":"2024-07-24T11:12:44","guid":{"rendered":"https:\/\/westlocason.com\/?post_type=product&#038;p=900"},"modified":"2024-08-07T14:17:56","modified_gmt":"2024-08-07T12:17:56","slug":"eurolite-tmh-fe-600-beam","status":"publish","type":"product","link":"https:\/\/westlocason.com\/index.php\/produit\/eurolite-tmh-fe-600-beam\/","title":{"rendered":"EUROLITE TMH FE 600 BEAM"},"content":{"rendered":"<p><iframe title=\"EUROLITE LED TMH FE-600 Beam \/ Flowereffekt\" width=\"800\" height=\"450\" src=\"https:\/\/www.youtube.com\/embed\/OqxoO9xCjrg?start=3&#038;feature=oembed\" frameborder=\"0\" allow=\"accelerometer; autoplay; clipboard-write; encrypted-media; gyroscope; picture-in-picture; web-share\" referrerpolicy=\"strict-origin-when-cross-origin\" allowfullscreen><\/iframe><\/p>\n<p>RGBW Moving Head fleur avec grande plage de zoom et 6 x 12 W LED<\/p>\n<p>Equip\u00e9 de 6 x 12 W COB LED dans les couleurs rouge, vert, bleu et blanc<br \/>\nCompact et l\u00e9ger<br \/>\nFonctions\u00a0: faisceaux color\u00e9s en R, G, B et W, couleurs pr\u00e9d\u00e9finies, programme int\u00e9gr\u00e9, effet stroboscope \u00e0 vitesse variable, gradateur, commande sonore, fonctionnement ma\u00eetre\/esclave<br \/>\nMouvement de zoom r\u00e9glable &#8211; du faisceau \u00e9troit \u00e0 simple faisceau remplissant la pi\u00e8ce &#8211; via une lentille rotative<br \/>\nM\u00e9lange de couleurs RGBW continu<br \/>\nPositionnement \u00e0 moins de 540\u00b0 PAN et 190\u00b0 TILT<br \/>\nAngle PAN-commutable entre 540\u00b0 et 360\u00b0<br \/>\nVitesse de gradation (r\u00e9ponse pas \u00e0 pas) r\u00e9glable<br \/>\nCorrection automatique de position<br \/>\nPositionnement exact via une r\u00e9solution de mouvement PAN\/TILT 16 bits<br \/>\nFonctionnement contr\u00f4l\u00e9 par DMX ou autonome avec fonction ma\u00eetre\/esclave<br \/>\nContr\u00f4le sonore via microphone int\u00e9gr\u00e9<br \/>\nTableau de commande avec affichage LC pour le r\u00e9glage de l\u2019adresse de d\u00e9marrage DMX, PAN \/ TILT inverse, r\u00e9initialisation<br \/>\nAlimentation \u00e0 d\u00e9coupage pour un fonctionnement entre 100 et 240 volts<br \/>\nConnexion \u00e9lectrique via la prise Neutrik PowerCon et le c\u00e2ble d\u2019alimentation inclus<br \/>\nSortie d\u2019alimentation permettant d\u2019alimenter jusqu\u2019\u00e0 8 appareils<br \/>\nContr\u00f4le DMX512 possible via n\u2019importe quel contr\u00f4leur DMX commercial<br \/>\nPuissance de 12 W COB (Chip-on-board) 4in1 QCL RGBW<br \/>\nCommutable angle PAN entre 540\u00b0et 360\u00b0<br \/>\nCorrection automatique de la position (feedback)<br \/>\nPositionnement exact (r\u00e9solution 16 bits)<br \/>\nEffet rayons; faisceau d\u2019effets<br \/>\nThe appliance is cooled by a fan<br \/>\nCommand\u00e9 via stand-alone; DMX; Commande de la musique via microphone<br \/>\nD\u00e9j\u00e0 pr\u00e9programm\u00e9 pour %\u00a0: Light J; LED PC-Control 512; Light Captain<br \/>\nSans scintillement<br \/>\nAvec un angle de d\u00e9part de 6,5\u00b0<\/p>\n","protected":false},"excerpt":{"rendered":"<p>RGBW Moving Head fleur avec grande plage de zoom et 6 x 12 W LED Equip\u00e9 de 6 x 12 W COB LED dans les couleurs rouge, vert, bleu et blanc Compact et l\u00e9ger Fonctions\u00a0: faisceaux color\u00e9s en R, G, B et W, couleurs pr\u00e9d\u00e9finies, programme int\u00e9gr\u00e9, effet stroboscope \u00e0 vitesse variable, gradateur, commande sonore, [&hellip;]<\/p>\n","protected":false},"featured_media":899,"comment_status":"open","ping_status":"closed","template":"","meta":[],"product_brand":[],"product_cat":[18],"product_tag":[],"class_list":{"0":"post-900","1":"product","2":"type-product","3":"status-publish","4":"has-post-thumbnail","6":"product_cat-lumiere","8":"first","9":"instock","10":"shipping-taxable","11":"purchasable","12":"product-type-simple"},"_links":{"self":[{"href":"https:\/\/westlocason.com\/index.php\/wp-json\/wp\/v2\/product\/900","targetHints":{"allow":["GET"]}}],"collection":[{"href":"https:\/\/westlocason.com\/index.php\/wp-json\/wp\/v2\/product"}],"about":[{"href":"https:\/\/westlocason.com\/index.php\/wp-json\/wp\/v2\/types\/product"}],"replies":[{"embeddable":true,"href":"https:\/\/westlocason.com\/index.php\/wp-json\/wp\/v2\/comments?post=900"}],"wp:featuredmedia":[{"embeddable":true,"href":"https:\/\/westlocason.com\/index.php\/wp-json\/wp\/v2\/media\/899"}],"wp:attachment":[{"href":"https:\/\/westlocason.com\/index.php\/wp-json\/wp\/v2\/media?parent=900"}],"wp:term":[{"taxonomy":"product_brand","embeddable":true,"href":"https:\/\/westlocason.com\/index.php\/wp-json\/wp\/v2\/product_brand?post=900"},{"taxonomy":"product_cat","embeddable":true,"href":"https:\/\/westlocason.com\/index.php\/wp-json\/wp\/v2\/product_cat?post=900"},{"taxonomy":"product_tag","embeddable":true,"href":"https:\/\/westlocason.com\/index.php\/wp-json\/wp\/v2\/product_tag?post=900"}],"curies":[{"name":"wp","href":"https:\/\/api.w.org\/{rel}","templated":true}]}}