{"id":873,"date":"2024-07-24T12:40:33","date_gmt":"2024-07-24T10:40:33","guid":{"rendered":"https:\/\/westlocason.com\/?post_type=product&#038;p=873"},"modified":"2024-08-07T14:24:23","modified_gmt":"2024-08-07T12:24:23","slug":"eurolite-nh-20-tour-fazer-en-flight-case","status":"publish","type":"product","link":"https:\/\/westlocason.com\/index.php\/produit\/eurolite-nh-20-tour-fazer-en-flight-case\/","title":{"rendered":"Eurolite NH-20 Tour Fazer en flight case"},"content":{"rendered":"<ul>\n<li><iframe title=\"EUROLITE NH-20 Tour Fazer\" width=\"800\" height=\"450\" src=\"https:\/\/www.youtube.com\/embed\/3ZzeHzjPRDQ?feature=oembed\" frameborder=\"0\" allow=\"accelerometer; autoplay; clipboard-write; encrypted-media; gyroscope; picture-in-picture; web-share\" referrerpolicy=\"strict-origin-when-cross-origin\" allowfullscreen><\/iframe>\n<p>int\u00e9gr\u00e9 dans un Flightcase empilable pour une grande r\u00e9sistance et durabilit\u00e9 et un transport facile<\/li>\n<li>Produit une brume fine et transparente sans vaporiser la pi\u00e8ce en m\u00eame temps<\/li>\n<li>Id\u00e9al pour la mise en sc\u00e8ne de faisceaux lumineux et laser<\/li>\n<li>R\u00e9gulation automatique de la temp\u00e9rature<\/li>\n<li>Temps de chauffe r\u00e9duit<\/li>\n<li>\u00c9tendue de l&rsquo;\u00e9mission: Env. 2 m<\/li>\n<li>Command\u00e9 via DMX; stand-alone; QuickDMX via USB (facultatif); W-DMX by Wireless Solution via USB (facultatif); CRMX by LumenRadio via USB (facultatif); T\u00e9l\u00e9commande c\u00e2bl\u00e9e (facultatif)<\/li>\n<li>\u00c9cran LED 7\u00a0segments 4\u00a0chiffres<\/li>\n<li>Fonctionnement avec fluide fumig\u00e8ne \u00e0 base d&rsquo;eau<\/li>\n<li>R\u00e9servoir amovible<\/li>\n<li>Pour des domaines d&rsquo;application tels que: Clubs\/\u00c9coles de danse; Location simple; Sc\u00e8ne; DJ itin\u00e9rants\u00a0\/\u00a0artistes solos<\/li>\n<li>Possibilit\u00e9 d&rsquo;utilisation: Debout<\/li>\n<\/ul>\n","protected":false},"excerpt":{"rendered":"<p>int\u00e9gr\u00e9 dans un Flightcase empilable pour une grande r\u00e9sistance et durabilit\u00e9 et un transport facile Produit une brume fine et transparente sans vaporiser la pi\u00e8ce en m\u00eame temps Id\u00e9al pour la mise en sc\u00e8ne de faisceaux lumineux et laser R\u00e9gulation automatique de la temp\u00e9rature Temps de chauffe r\u00e9duit \u00c9tendue de l&rsquo;\u00e9mission: Env. 2 m Command\u00e9 [&hellip;]<\/p>\n","protected":false},"featured_media":874,"comment_status":"open","ping_status":"closed","template":"","meta":[],"product_brand":[],"product_cat":[22],"product_tag":[],"class_list":{"0":"post-873","1":"product","2":"type-product","3":"status-publish","4":"has-post-thumbnail","6":"product_cat-effets","8":"first","9":"instock","10":"shipping-taxable","11":"purchasable","12":"product-type-simple"},"_links":{"self":[{"href":"https:\/\/westlocason.com\/index.php\/wp-json\/wp\/v2\/product\/873","targetHints":{"allow":["GET"]}}],"collection":[{"href":"https:\/\/westlocason.com\/index.php\/wp-json\/wp\/v2\/product"}],"about":[{"href":"https:\/\/westlocason.com\/index.php\/wp-json\/wp\/v2\/types\/product"}],"replies":[{"embeddable":true,"href":"https:\/\/westlocason.com\/index.php\/wp-json\/wp\/v2\/comments?post=873"}],"wp:featuredmedia":[{"embeddable":true,"href":"https:\/\/westlocason.com\/index.php\/wp-json\/wp\/v2\/media\/874"}],"wp:attachment":[{"href":"https:\/\/westlocason.com\/index.php\/wp-json\/wp\/v2\/media?parent=873"}],"wp:term":[{"taxonomy":"product_brand","embeddable":true,"href":"https:\/\/westlocason.com\/index.php\/wp-json\/wp\/v2\/product_brand?post=873"},{"taxonomy":"product_cat","embeddable":true,"href":"https:\/\/westlocason.com\/index.php\/wp-json\/wp\/v2\/product_cat?post=873"},{"taxonomy":"product_tag","embeddable":true,"href":"https:\/\/westlocason.com\/index.php\/wp-json\/wp\/v2\/product_tag?post=873"}],"curies":[{"name":"wp","href":"https:\/\/api.w.org\/{rel}","templated":true}]}}