{"id":867,"date":"2024-07-24T12:34:59","date_gmt":"2024-07-24T10:34:59","guid":{"rendered":"https:\/\/westlocason.com\/?post_type=product&#038;p=867"},"modified":"2024-08-07T14:25:50","modified_gmt":"2024-08-07T12:25:50","slug":"gigbar-move-ils","status":"publish","type":"product","link":"https:\/\/westlocason.com\/index.php\/produit\/gigbar-move-ils\/","title":{"rendered":"GigBAR Move + ILS"},"content":{"rendered":"<div>\n<p><iframe title=\"CHAUVET DJ GigBAR Move + ILS 5-in-1 Lighting System | Features and Overview\" width=\"800\" height=\"450\" src=\"https:\/\/www.youtube.com\/embed\/XhecuXfY0vo?start=69&#038;feature=oembed\" frameborder=\"0\" allow=\"accelerometer; autoplay; clipboard-write; encrypted-media; gyroscope; picture-in-picture; web-share\" referrerpolicy=\"strict-origin-when-cross-origin\" allowfullscreen><\/iframe><\/p>\n<p>Le GigBAR Move + ILS regroupe des lyres automatiques, des derbies, des washs, un laser et un effet de strobe, l&rsquo;ensemble pr\u00e9mont\u00e9 sur la m\u00e8me barre. Plus puissant que son petit fr\u00e8re Gigbar ILS, le \u00ab\u00a0Plus\u00a0\u00bb de cette version, vous apportera des effets \u00e9poustouflants. Il est fourni avec son tr\u00e9pied, un p\u00e9dalier de contr\u00f4le sans fil, une t\u00e9l\u00e9commande RF et son \u00e9tui de transport. Facile installer et piloter, il est id\u00e9al pour assurer des prestations r\u00e9ussies.<\/p>\n<\/div>\n","protected":false},"excerpt":{"rendered":"<p>Le GigBAR Move + ILS regroupe des lyres automatiques, des derbies, des washs, un laser et un effet de strobe, l&rsquo;ensemble pr\u00e9mont\u00e9 sur la m\u00e8me barre. Plus puissant que son petit fr\u00e8re Gigbar ILS, le \u00ab\u00a0Plus\u00a0\u00bb de cette version, vous apportera des effets \u00e9poustouflants. Il est fourni avec son tr\u00e9pied, un p\u00e9dalier de contr\u00f4le sans [&hellip;]<\/p>\n","protected":false},"featured_media":868,"comment_status":"open","ping_status":"closed","template":"","meta":[],"product_brand":[],"product_cat":[18],"product_tag":[],"class_list":{"0":"post-867","1":"product","2":"type-product","3":"status-publish","4":"has-post-thumbnail","6":"product_cat-lumiere","8":"first","9":"instock","10":"shipping-taxable","11":"purchasable","12":"product-type-simple"},"_links":{"self":[{"href":"https:\/\/westlocason.com\/index.php\/wp-json\/wp\/v2\/product\/867","targetHints":{"allow":["GET"]}}],"collection":[{"href":"https:\/\/westlocason.com\/index.php\/wp-json\/wp\/v2\/product"}],"about":[{"href":"https:\/\/westlocason.com\/index.php\/wp-json\/wp\/v2\/types\/product"}],"replies":[{"embeddable":true,"href":"https:\/\/westlocason.com\/index.php\/wp-json\/wp\/v2\/comments?post=867"}],"wp:featuredmedia":[{"embeddable":true,"href":"https:\/\/westlocason.com\/index.php\/wp-json\/wp\/v2\/media\/868"}],"wp:attachment":[{"href":"https:\/\/westlocason.com\/index.php\/wp-json\/wp\/v2\/media?parent=867"}],"wp:term":[{"taxonomy":"product_brand","embeddable":true,"href":"https:\/\/westlocason.com\/index.php\/wp-json\/wp\/v2\/product_brand?post=867"},{"taxonomy":"product_cat","embeddable":true,"href":"https:\/\/westlocason.com\/index.php\/wp-json\/wp\/v2\/product_cat?post=867"},{"taxonomy":"product_tag","embeddable":true,"href":"https:\/\/westlocason.com\/index.php\/wp-json\/wp\/v2\/product_tag?post=867"}],"curies":[{"name":"wp","href":"https:\/\/api.w.org\/{rel}","templated":true}]}}